ighest common divisor of 6 and g?
3
Let c = 98 - 88. Let r be c*1*(-6)/(-2). Calculate the greatest common divisor of 15 and r.
15
Let q = -36 + 40. Suppose -2*y = 3*y + 2*f - 33, -q*y - 4*f + 24 = 0. Calculate the greatest common factor of 1 and y.
1
Let s = -4918 - -7704. Calculate the greatest common factor of s and 14.
14
Suppose -q = 5, 14*q - 12*q + 130 = 5*h. What is the greatest common divisor of h and 12?
12
Suppose -16*g = 7*g - 299. Calculate the greatest common divisor of g and 273.
13
Let j(c) = c**2 + 5*c + 0*c - 286 + 14*c + 246. Let d be j(-22). Calculate the highest common factor of d and 39.
13
Suppose -194 = -17*f + 180. What is the greatest common factor of 99 and f?
11
Suppose 258*v - 5390 = 223*v. What is the greatest common factor of 84 and v?
14
Suppose -3*y = 4*r - 10, 2*y = r - y - 10. Suppose -45 = -5*a + r*a. Calculate the highest common divisor of a and 5.
5
Suppose q - 30 - 19 = -5*y, 4*q - 52 = -4*y. What is the greatest common divisor of 153 and y?
9
Let l = -81 - -45. Let p = 72 + l. Let x be (-236)/(-10) - (-4)/10. Calculate the highest common factor of x and p.
12
Let g(y) = -5*y**2 - 10*y + 7. Let r(n) = -n**3 - n**2. Let u(p) = g(p) - r(p). Let t be u(7). Calculate the highest common divisor of 12 and t.
12
Suppose 3188 = 127*p + 1537. Let k(n) = 4*n - 3. Suppose 4 = d + 2*y - 10, 3*d + y - 17 = 0. Let c be k(d). What is the greatest common divisor of c and p?
13
Suppose 6 = 3*h, u + h = 5*h. Calculate the highest common factor of u and 60.
4
Suppose 2*j - 43 = -5*z - 0*z, -5*j + 85 = 5*z. Suppose 91 = 3*i - 35. Calculate the greatest common divisor of j and i.
14
Let j be 15/(-25) - (-576)/(-15). Let i = -26 - j. Suppose -3*g - i = -64. What is the greatest common divisor of 17 and g?
17
Let k(l) = -211*l - 99. Let j be k(-1). What is the greatest common factor of j and 532?
28
Let s = 122 + 193. What is the highest common divisor of 30 and s?
15
Suppose 4*w - 45 = 4*s - 9*s, 0 = -4*w - 2*s + 54. Suppose -685 + 77 = -5*q + 4*j, 3*j = -6. Calculate the highest common factor of q and w.
15
Suppose -l = 5*l + 264. Let o = l + 47. What is the highest common factor of o and 15?
3
Suppose -4*k - 21 = -85. Suppose 0 = -8*i + 739 - 675. What is the greatest common factor of i and k?
8
Let q = -67 + 71. Calculate the highest common factor of 5 and q.
1
Let x(i) = -i**3 - 11*i**2 + 85*i + 106. Let w be x(-16). Let u be -1 + (-2)/(2/3). Let a be -26*(-1)/u*-2. What is the highest common divisor of a and w?
13
Suppose 480 = 9*q - 888. Let p be 36/45 + q/10. What is the highest common divisor of 2 and p?
2
Let p = -455 + 600. What is the highest common factor of 29 and p?
29
Suppose 3*t - 55 = 41. Let m = 1343 + -1263. Calculate the highest common factor of m and t.
16
Let t = 404 + -348. What is the greatest common factor of 32 and t?
8
Let s = -685 - -776. What is the highest common factor of 455 and s?
91
Suppose 68*q + 576 = 92*q. What is the highest common factor of q and 516?
12
Let v = 8 - 4. Let h be 1/((-2)/v) + 17. Let p = -7 + h. Calculate the greatest common factor of 20 and p.
4
Let l = 54 + -50. Let v = 26 - l. Calculate the highest common factor of 154 and v.
22
Let x be 1*297 - (-35 - -32). What is the greatest common divisor of 60 and x?
60
Let o be (-40)/120 - (0 - 1322/6). Calculate the highest common divisor of 30 and o.
10
Let w(o) = -62 + o**2 + 20*o + 34*o - 40*o. Let g be w(-18). What is the greatest common factor of g and 110?
10
Let i(r) be the second derivative of -3/2*r**2 + 1/6*r**3 + 0 + 1/20*r**5 - 9*r - 3/4*r**4. Let k be i(9). What is the greatest common factor of 18 and k?
6
Let o(l) = -2 + 13*l + 8 + 2*l**2 - 4*l. Let r be o(-6). What is the greatest common divisor of r and 6?
6
Suppose -289 = -j + d, d + 843 = 3*j + 6*d. Calculate the highest common divisor of 44 and j.
22
Suppose 8 = s - 4*d, -s - 1 = 3*d + 5. Suppose -3*w + 5 + 10 = s. Suppose -223 = -3*j + w*i, 0*i = 3*i - 3. What is the greatest common factor of 19 and j?
19
Suppose 0 = -0*l - 3*l + 6. Let r(j) = j**2 - 6*j - 42. Let g be r(12). What is the highest common factor of g and l?
2
Let y be -5 + (2 - -1) + 2. Suppose y = -7*h + 3*h + 40. Suppose h*r = 6*r + 144. Calculate the greatest common divisor of r and 9.
9
Let x be (102/8)/3*4. Let r(l) = -7*l + 2. Let k be r(-7). Calculate the highest common divisor of x and k.
17
Let b be (-44)/((-3)/((-54)/(-24))). What is the greatest common divisor of 253 and b?
11
Suppose v - 5*v = -5*k, 0 = 4*k + 2*v - 26. Let m = 11 + k. Suppose 3*f - m = 2*f. Calculate the greatest common factor of 135 and f.
15
Let g = 81 + 19. Let t be 4218/209 + -4*(-3)/(-66). What is the greatest common divisor of t and g?
20
Let u = 16 + 0. Let h = -13 - -45. Calculate the highest common divisor of u and h.
16
Let c(t) = 143*t + 20. Let d be c(2). Calculate the greatest common divisor of d and 34.
34
Let k be 3*(20/6 - (6 + -4)). Suppose -j - j - k*z = -292, -3*z + 569 = 4*j. What is the greatest common divisor of 10 and j?
10
Suppose 0 = -7*a + 2*a - 30. Let b be (-30)/(-9)*a*-1. Let g = 134 + -104. Calculate the greatest common factor of b and g.
10
Let q = 25 + -27. Let d be 92/20 - q/5. Let x be 384/15 - (-2)/d. What is the highest common divisor of x and 208?
26
Suppose 0*v - 144 = -4*v. Let j = 68 - v. What is the greatest common factor of j and 16?
16
Let r(n) = n**3 + 5*n**2 + 8*n + 35. Let i be r(-4). What is the highest common factor of i and 19?
19
Let p = -57 - -42. Let q = 7 - p. What is the greatest common factor of q and 2?
2
Suppose 18*r - 22*r = -224. Suppose -r = -0*a - a. Calculate the greatest common divisor of 8 and a.
8
Let a(c) = 9 + 0 + 3*c**2 + c**2 - 5*c**2 + 13*c. Let k be a(10). Let u be ((-13)/4)/(1/(-4)). Calculate the highest common divisor of u and k.
13
Let f be 32 - (14/42 + 28/6). Calculate the greatest common factor of f and 27.
27
Let u = 1 + -2. Let b(m) = -8*m - 1. Let p be b(u). Calculate the highest common factor of 49 and p.
7
Suppose 21*c + 2*t - 208 = 17*c, -2*c - 4*t + 98 = 0. Calculate the greatest common factor of 583 and c.
53
Let d = -83 - -162. Calculate the greatest common factor of d and 711.
79
Let r(n) = -4*n**2 - 32*n + 6. Let f be r(-8). Calculate the greatest common divisor of 15 and f.
3
Suppose 3*k - 5*k = -48. Suppose 5*y = -39 - 6. Let x = y + k. What is the highest common factor of x and 5?
5
Let z = -115 - -155. Let m be (z/25)/((-4)/(-30)). What is the highest common factor of 24 and m?
12
Let n be ((-12)/(-21))/(1/7). Let f be -216*5/(-30)*n. What is the highest common divisor of 16 and f?
16
Let l be (1 - -14)/(-2*18/(-264)). Calculate the greatest common factor of l and 160.
10
Suppose 3*v + 9*l = 4*l + 254, -2*v = 3*l - 170. What is the highest common divisor of v and 16?
8
Suppose -9 = -3*t - 4*s, 0 = -2*t + 3*t - 3*s - 3. Suppose -t*k = 3*k - 132. What is the highest common divisor of k and 176?
22
Let w = -12 - -18. Suppose -5*a + 2*p = -3*p, w = -3*a + 5*p. Suppose a*b = -b + 80. Calculate the highest common divisor of b and 50.
10
Let y be (-9)/(-3) + -1 + 11. Let z be ((-32)/6)/(4/(-30)). Suppose -5*w + z = -25. Calculate the highest common divisor of y and w.
13
Let u(w) = -w**3 - 20*w**2 - 58*w - 83. Let k be u(-17). What is the greatest common factor of 420 and k?
12
Suppose -50*w + 4392 = 11*w. Calculate the greatest common factor of w and 24.
24
Suppose -740 = 3*w - 5*w. Suppose 4*l = 9*l - w. What is the highest common divisor of 37 and l?
37
Suppose -6*p - 172 = -10*p. Let l = p + -3. Calculate the greatest common factor of 10 and l.
10
Let l(y) be the second derivative of -5*y**3/6 - 5*y**2/2 - 3*y. Let w be l(-3). What is the greatest common factor of w and 70?
10
Let f = 375 - 171. Suppose -23*c - f = -26*c. Let r(j) = 4*j + 1. Let s be r(4). Calculate the highest common factor of c and s.
17
Suppose 5*h - 40 = 4*i, -7*i = -h - 10*i - 11. Let m be (3 - 1) + 0 - 0. Calculate the highest common factor of m and h.
2
Let r(b) = b - 6. Let w be r(9). Suppose x = -t + 45, -2*x + w*t = -4*x + 90. Calculate the greatest common factor of x and 9.
9
Let i = 2674 + -338. What is the greatest common divisor of i and 16?
16
Let j be 12/36 - (-10)/(-3). Let b be (j/(-2))/(3*2/76). Calculate the highest common factor of b and